) = 2*l + 2. Let x be ((-5)/(-20) - -1)/(2/(-8)). Let v(c) = x*f(c) + 4*w(c). Determine v(6).
6
Let z(k) = -k**3 + 5*k**2 + k - 1. Let x(i) = i + 11. Let r be x(-9). Suppose r*d - 12 = -4*y, -3*y + 7 = -0*y + 2*d. Give z(y).
4
Suppose 0 = d - 3*j - 12, -2*j = d - 2*d + 8. Let c(n) = 1 - 2*n - 3*n**2 + d + 4*n**2 - 4*n. What is c(6)?
1
Let w(m) = -m**2 + 4*m + 3. Let q(o) = -2*o**2 + 9*o + 6. Let l(c) = 3*q(c) - 7*w(c). What is l(3)?
3
Let f(d) = d**3 - 6*d**2 + 3*d + 5. Suppose 18*k = 15*k + 15. Calculate f(k).
-5
Let z(v) be the first derivative of v**2/2 + 3*v + 1. What is z(6)?
9
Let t(l) = -3 - l + l**2 - 2 - l. Suppose -3*s - 21 = -6*s. Let c = s - 3. Determine t(c).
3
Let n = -99 - -104. Let k(b) be the third derivative of -1/6*b**n + 0*b + 3*b**2 + 0 - 1/24*b**4 + 1/6*b**3. Determine k(1).
-10
Let w(t) = t + 15. Let j be w(0). Suppose 5*c = -4*h - j, -3*h + 0*c - 12 = 4*c. Let g(x) = -x + 2. What is g(h)?
2
Let j(z) be the third derivative of z**6/60 + z**5/30 - z**4/24 + z**3/6 + 6*z**2. What is j(-2)?
-5
Let m(l) = -2*l**3 + 2*l**2 - 2*l. Suppose 4*a + 10 = 66. Let x = -12 + a. What is m(x)?
-12
Let w(n) be the second derivative of -n**3/6 + n**2 - 3*n. Let m(h) = -1. Let k(t) = 2*m(t) + w(t). Let o = 4 + -8. What is k(o)?
4
Let a be 8 - 2/1 - 2. Let s(k) = -3 - a*k + 7*k**2 + 0*k**3 - k**3 - 2*k + k. Give s(6).
3
Let v be 3/(9/2) - (-240)/(-36). Let u(x) = x + 13. What is u(v)?
7
Let q(i) be the third derivative of i**5/60 + i**4/8 - 5*i**3/6 - 7*i**2. What is q(-4)?
-1
Suppose 89 + 36 = 5*z. Let o = -22 + z. Let t(h) = 2*h**2 - 4*h + 2. What is t(o)?
8
Let y = 6 - 4. Let c(k) = -2*k**2 + 5*k - 2. Let h(o) be the first derivative of -5*o**3/3 + 8*o**2 - 6*o + 1. Let j(a) = -7*c(a) + 2*h(a). What is j(y)?
12
Let y(z) = -7*z + 5. Let g(l) = 3*l - 2. Let p(j) = -5*g(j) - 2*y(j). Determine p(-3).
3
Let x(n) be the first derivative of -n**6/360 + n**4/24 + 2*n**3/3 - 1. Let r(f) be the third derivative of x(f). Calculate r(-1).
0
Let s(d) = d - 4. Suppose -3*n - 4*g = -n + 20, -4*n + 4*g = -20. Give s(n).
-4
Suppose -20 = -7*l + 2*l. Let a = l + -2. Let s(k) = -k - 3 + k**a + 6*k + 5. Give s(-4).
-2
Suppose 0 = 2*a + 2 - 8. Suppose 5*k + 40 = -a*x - 0*x, 0 = 2*k + 10. Let d(p) be the third derivative of -p**4/12 - 2*p**3/3 + 2*p**2. Determine d(x).
6
Let w(i) = 4*i + 2. Let g be -1*4 + 0/(-2). Let n(l) = 2*l - 3*l + 5*l + 2 + l. Let h(p) = g*w(p) + 3*n(p). Calculate h(-3).
1
Let r(c) = -6*c**2 - 7 - 6*c + 0*c**3 + 8*c + c**3. Let l = 0 + 6. What is r(l)?
5
Let h = -8 + 6. Let u be 2 - (h/(-2) + -2). Suppose v = -u*v. Let b(x) = x**2 - x - 1. What is b(v)?
-1
Let n(s) = -s - 7. Suppose -50 = 7*p - 15. Give n(p).
-2
Let o(v) be the second derivative of -v**5/20 + 5*v**4/12 - 2*v**3/3 - v**2/2 + 2*v. Let k(i) = 9*i - 3. Let j be k(2). Let h be -10*(24/j + -2). What is o(h)?
-1
Let f(y) be the first derivative of y**2/2 - 3*y - 1. Let j(q) = 4*q - 12. Let i = -5 - 1. Let b(x) = i*j(x) + 22*f(x). What is b(4)?
-2
Suppose -18 = 5*m + 2. Let c = -25 - -14. Let o(f) = 17*f - 20. Let w(z) = -6*z + 7. Let u(k) = c*w(k) + m*o(k). Calculate u(4).
-5
Let x(g) = -4*g + 2. Let f = -8 - -16. Suppose 0 = -3*h + 2*h - 6. Let b = h + f. Give x(b).
-6
Let x be ((-9)/(-6))/((-3)/(-10)). Let q(r) be the third derivative of r**6/120 - r**5/15 - 5*r**4/24 - r**3/6 + r**2. Determine q(x).
-1
Let i(c) = c + 1. Let o(q) = -6*q - 6. Let x(a) = -34*i(a) - 6*o(a). Let w be (-6)/(-8) + 136/32. Suppose -5*f = -k + 9, w*k - 4*k + 4*f = 0. Calculate x(k).
10
Let l(u) be the third derivative of -u**6/120 + u**5/60 + 5*u**4/24 - u**3/2 - 4*u**2. Let m = -11 + 14. What is l(m)?
-6
Let p(w) be the second derivative of -7*w**3/3 - w. Let a(x) = -2*x - 13. Let d be a(-6). What is p(d)?
14
Let m(q) = 2*q - 26 + 54 - 14 - q. Give m(-7).
7
Let u = -67 - -67. Let f(c) = -c - 22. Determine f(u).
-22
Let l(t) = -2*t**2 - 5*t - 2. Let n = -3 - -9. Suppose -15 = n*k - k. What is l(k)?
-5
Let r(f) = f**2 + 5*f + 1. Let g be ((-18)/(-10))/(48/(-160)). What is r(g)?
7
Let f(k) = -k + 4. Let d(i) be the first derivative of -i**4/4 - 13*i**3/3 - 13*i**2/2 - 15*i + 2. Let c be d(-12). Determine f(c).
7
Let b(o) = 8*o + 1. Let s(g) = -g. Let j be s(-1). Give b(j).
9
Let y(d) = -2*d - 2. Suppose 0 = -j - 2, 0 = r - j + 4*j + 1. Calculate y(r).
-12
Suppose -4*f - q = -13, 3*f - 4*q + 14 = 38. Let s(p) = p - 4 - 1 + f + 2. What is s(-6)?
-5
Let j(f) = -f**3 - f**2 + 4*f - 3. Suppose -i - 18 = 5*a, -a - 3*a = 4*i + 8. What is j(i)?
-7
Let b(g) be the third derivative of 2*g**2 + 1/24*g**4 + 0 + 0*g + 1/6*g**3. Let m = -9 - -4. Give b(m).
-4
Let g(a) = a**3 + a**2 - 3*a - 2. Let n be g(-2). Suppose 2*m + 27 = 3*q, 2*q + n*m + 5*m - 18 = 0. Let c(f) = -6*f + 3*f - 1 + q + f. Determine c(6).
-4
Let j(d) = 5*d + 2 - 80*d**2 + 2 + 81*d**2. Give j(-5).
4
Let r(k) = 3*k + k + k**2 + 32 - 29. What is r(-5)?
8
Suppose 4*l = k - 4*k + 18, 0 = -5*k + 4*l - 2. Suppose 0 = -3*q + 4 + k. Suppose d = q*d. Let z(u) = -u**3 - 7. Give z(d).
-7
Let s = 1 - 0. Let d(f) = -4*f**3 - 2*f**2 + f + 5. Let o(n) = -1. Let z(w) = -d(w) - 5*o(w). Calculate z(s).
5
Let v(t) = t**2 + 8*t + 6. Let a be v(-7). Let w(j) = 6*j**2 - 1. Let n be w(a). Suppose -u - 4*u = -25, n*c - 4*u = -25. Let l(y) = 5*y - 1. Determine l(c).
-6
Let l(w) = -w**2 - 2*w - 2. Let z be l(-2). Let i(d) be the third derivative of -d**5/20 - d**4/8 - d**3/6 + 5*d**2. Determine i(z).
-7
Suppose 2*c + 3*m = 36 - 11, -15 = -3*m. Suppose 2*w = 5*b - 1 - c, 3*b = 6. Let i(g) = -2*g**2 + 3*g. Calculate i(w).
-2
Let k(c) = 3*c + 2. Let x = 21 + -23. Let j be k(x). Let t(s) = -s - 2. Calculate t(j).
2
Let h(z) be the second derivative of z**3/3 + 7*z**2/2 - 2*z. Determine h(-6).
-5
Let h(k) = k**2 + 4*k - 4. Let a(r) = -2*r + 11. Suppose l = y - 9, 0 = 2*l - 0 + 2. Let i be a(y). What is h(i)?
1
Let u(y) = y**3 + 5*y**2 + 3*y - 4. Let m be (-10 - -1)*6/18. Determine u(m).
5
Let g(q) = -4*q - 5. Let d be g(-2). Suppose -4*a + 16 = 3*n - 6*a, -d*n + 4 = 4*a. Let k(c) = 2*c**2 - 4*c - 1. Calculate k(n).
15
Let y(x) = -6*x + 0*x - 7 + 5*x + 2. Give y(0).
-5
Let a(i) be the first derivative of 7*i**4/4 - i**3/3 - i**2/2 - 1. Let b(m) = m**3 + 5*m**2 - 6*m + 2. Let s be b(-6). Suppose 3*r + 1 = s*r. Determine a(r).
-7
Let o(i) = -i - 9 + 1 - 2. Calculate o(-7).
-3
Let p(h) be the third derivative of h**6/120 + h**5/12 + h**4/6 - 2*h**3/3 + h**2 + 2. Let u(q) = -q**3 - 3*q**2 + 4*q - 4. Let r be u(-4). Determine p(r).
-4
Let g(y) = y**2 - 7*y + 4. Let w be ((-49)/(-14))/((-1)/(-2)). What is g(w)?
4
Let r(f) = f + 1. Let s be r(5). Let i(d) = 4 - 3*d - d**2 - 2 - 2 + s. Calculate i(-5).
-4
Let p = -8 - -10. Let k(r) = -p*r - 112*r**3 + 113*r**3 + 1 - 5*r**2 - 6*r. Give k(6).
-11
Let c(p) = -p**2 - 2 - 16*p + 9*p + 0. What is c(-6)?
4
Let t(y) be the third derivative of y**5/30 - y**3/3 + 2*y**2. What is t(2)?
6
Suppose a - 5 = 0, -3 = i + 4*a - 18. Let w(n) = n**2 + 5*n - 7. Determine w(i).
-7
Let o be (-8)/12 + 210/(-9). Let a = 21 + o. Let v(y) = y**3 + 3*y**2 + y - 3. What is v(a)?
-6
Let q(v) be the first derivative of -v**5/20 + v**4/6 + v**3/6 + v**2/2 + 4*v + 3. Let c(d) be the first derivative of q(d). Determine c(3).
-5
Let m(d) = d**3 + 5*d**2 - 5*d - 1. Let a be (12/14)/(11/(-77)). Give m(a).
-7
Let j(f) = 13*f - 9. Let t(g) = 7*g - 5. Let k(s) = 6*j(s) - 11*t(s). Give k(-3).
-2
Let j be (-1)/2 - 81/(-18). Let o(m) = 9*m - j*m + 1 + 3 - m**2 - 2. Calculate o(4).
6
Let x(g) be the second derivative of 2*g**2 + 0 - 1/6*g**3 - 1/12*g**4 + 3*g. Calculate x(-4).
-8
Suppose 2*a = 4 - 0. Let t(g) be the second derivative of g**5/30 + g**3/6 - 3*g. Let x(i) be the second derivative of t(i). Determine x(a).
8
Let s = 12 + -8. Suppose s*h - b = -0*b + 11, 4*b + 10 = -h. Let l(d) = -h - 3 - d + 4. Determine l(-4).
3
Let f(h) be the first derivative of h**4/4 - 5*h**3/3 + h**2/2 + 4*h + 6. Determine f(5).
9
Suppose 0 = 4*z - 68 + 20. Let a(j) = 0*j + z - 15 - j. Give a(-4).
1
Let y(w) be the first derivative of w**5/20 + w**4/4 - w**3/3 + 3*w**2/2 + w - 1. Let l(p) be the first derivative of y(p). Calculate l(-3).
9
Let s(h) = 4*h + 2. Let w be ((-22)/(-33))/((-1)/3). Determine s(w).
-6
Suppose -g = 2*g. Let s(v) = v**2 - v + 2. Let c be s(g). Let k(y) = -y**3 + 5*y*